 is -30023241 (base 7) in base 2?
-1001011100101000101011
3604dd (base 15) to base 9
4766161
Convert -2232546 (base 7) to base 15.
-57170
Convert -1321167 (base 9) to base 3.
-1100201012021
23242244 (base 5) to base 13
75780
-14130134 (base 9) to base 15
-9305d7
221220122011 (base 3) to base 8
1744122
What is -11002210100 (base 3) in base 6?
-1421530
Convert -46003 (base 11) to base 7.
-365014
What is 224333023 (base 5) in base 4?
3312332312
What is -446797 (base 11) in base 5?
-140233312
Convert -69c78 (base 16) to base 11.
-276584
Convert 25030630 (base 7) to base 10.
2242849
728d (base 15) to base 9
36177
-20121012112012 (base 3) to base 14
-6743d0
-32033130021 (base 4) to base 3
-21000200001210
-1231113321 (base 5) to base 6
-144020014
What is -168053 (base 14) in base 3?
-1111011011001
Convert -10110111100011111 (base 2) to base 16.
-16f1f
Convert 34352c (base 16) to base 14.
650c7a
-3060a (base 13) to base 5
-10233312
-8012453 (base 9) to base 6
-231145503
Convert -1bf5ba (base 16) to base 15.
-262dd8
What is 100000000011101110101110 (base 2) in base 13?
198321a
Convert -126280 (base 9) to base 4.
-102233223
What is 1423606 (base 7) in base 2?
101110101000100000
Convert -87213 (base 12) to base 2.
-101011100001101111
What is -138af3 (base 16) in base 11?
-7a5283
Convert -2404501 (base 6) to base 16.
-1ea15
5c1aa (base 14) to base 7
1626003
304fd (base 16) to base 4
300103331
What is 79aa30 (base 14) in base 8?
17625662
234344012 (base 5) to base 6
35212351
54014 (base 6) to base 3
101002101
1619295 (base 10) to base 13
449082
What is 857500 (base 11) in base 7?
14441434
What is -472443 (base 8) in base 13?
-58402
Convert 616975 (base 10) to base 12.
259067
What is -ef96d (base 16) in base 15?
-145b8c
What is 11266156 (base 7) in base 14?
1bb3d6
What is 9007 (base 13) in base 10?
19780
Convert -143223440 (base 6) to base 2.
-1011010010001111010000
What is 12101200222201 (base 3) in base 11?
1689752
22020122001120 (base 3) to base 2
10000101101110101101101
Convert 8709591 (base 11) to base 9.
31727751
Convert -1110010100010110111 (base 2) to base 3.
-212211120212
-303033 (base 4) to base 10
-3279
What is -10011011110010101 (base 2) in base 7?
-451360
Convert -4888a1 (base 15) to base 12.
-11b4b37
Convert -8516 (base 10) to base 6.
-103232
Convert -34413112 (base 6) to base 4.
-10002223010
Convert 244950 (base 10) to base 11.
158042
3042170 (base 8) to base 9
1454738
Convert 87799 (base 15) to base 13.
120b55
What is -121023545 (base 6) in base 3?
-11022022201202
72352 (base 9) to base 13
18914
960682 (base 10) to base 8
3524252
Convert 113221223232 (base 4) to base 16.
5e9aee
1389b4b (base 13) to base 7
103423121
Convert aee59 (base 16) to base 14.
1490db
What is -21212010012001 (base 3) in base 13?
-b324b0
3111020322 (base 4) to base 13
2474a3
What is -1d899 (base 14) in base 7?
-433652
Convert 3b204 (base 12) to base 2.
10011111001100100
What is -11100100011011100 (base 2) in base 5?
-12220311
Convert -110110001101000011100 (base 2) to base 5.
-423314111
What is -87807 (base 12) in base 3?
-100002201221
Convert -12002221 (base 3) to base 15.
-1184
What is -239a4 (base 11) in base 12?
-17b52
-2041124 (base 5) to base 9
-51462
468250 (base 9) to base 6
10011413
23320341 (base 5) to base 2
110100001101010110
What is -307120a (base 11) in base 3?
-101012022010120
Convert 220000222 (base 3) to base 6.
213042
df2b (base 16) to base 15
11ddb
6241de (base 15) to base 3
22210100000002
5cbcf8 (base 16) to base 4
113023303320
What is -1460665 (base 7) in base 16?
-30bc8
Convert 14232235 (base 6) to base 5.
111032102
10413121 (base 6) to base 4
1030123021
What is -121020200210 (base 3) in base 7?
-2501250
What is 3ab36 (base 14) in base 3?
21100202101
What is -261112 (base 7) in base 5?
-3022141
653107 (base 10) to base 2
10011111011100110011
What is -277048 (base 9) in base 14?
-4591a
-1102021210200 (base 3) to base 12
-304176
Convert 18dc0 (base 15) to base 7.
454236
What is 4edfd5 (base 16) in base 10?
5169109
Convert 328350 (base 9) to base 2.
101111111100100101
123021230 (base 4) to base 7
642143
4216230 (base 8) to base 2
100010001110010011000
-1793851 (base 10) to base 16
-1b5f3b
What is -68798 (base 13) in base 14?
-4d494
What is -120101 (base 12) in base 15?
-5b0d4
What is -f2f6 (base 16) in base 13?
-22406
What is -6bc2cd (base 16) in base 12?
-2446b25
Convert 1033310322 (base 4) to base 3.
121121112000
Convert 1011340430 (base 5) to base 15.
2aa07a
What is -53273 (base 14) in base 13?
-70527
Convert -51a33d (base 14) to base 5.
-1201134434
Convert 13324444 (base 5) to base 15.
2a584
Convert -53254535 (base 6) to base 3.
-2221101200112
What is -88902a (base 12) in base 11?
-1253a54
What is 2030423 (base 5) in base 15?
9cad
What is -4464376 (base 9) in base 5?
-1103421204
1021321120 (base 4) to base 10
302680
1031a95 (base 11) to base 9
3371003
1944b6 (base 13) to base 11
3a633a
What is 13212041 (base 5) in base 9?
221238
What is 103420244 (base 5) in base 14?
ba696
What is 323312 (base 4) in base 2?
111011110110
-165317 (base 9) to base 2
-11000111110101111
What is 26cce0 (base 15) in base 3?
10111210112210
Convert -21000243 (base 5) to base 13.
-6035a
Convert -2a2155 (base 13) to base 2.
-11111100001001111101
ac468 (base 13) to base 11
1a3a66
What is 10001100110111001101 (base 2) in base 7?
4622065
Convert 8235622 (base 10) to base 13.
1924765
-6144106 (base 7) to base 8
-2631044
Convert -31173 (base 12) to base 9.
-107016
2340003 (base 5) to base 10
43128
What is -1215301 (base 8) in base 16?
-51ac1
What is -2546863 (base 9) in base 15?
-1c6a50
-4a890 (base 11) to base 16
-11ced
Convert 363021 (base 8) to base 6.
2400025
Convert 57737 (base 11) to base 13.
2bc71
What is -22011021 (base 3) in base 6?
-43311
What is -24412120 (base 5) in base 8?
-705340
-34b814b (base 12) to base 6
-1002304535
What is -40203442 (base 7) in base 13?
-8c7361
121332311 (base 4) to base 3
12101222112
Convert 11402424423 (base 5) to base 6.
1153350235
135022 (base 8) to base 4
23220102
11111121021022 (base 3) to base 4
21020112200
Convert -103010032 (base 4) to base 7.
-443452
Convert 1923a4 (base 11) to base 4.
1020100113
What is -2260407 (base 9) in base 8?
-4520105
1340133432 (base 5) to base 14
658a40
What is 1012110220210 (base 3) in base 12?
269b49
What is -90d2c4 (base 16) in base 8?
-44151304
What is -40887 (base 14) in base 8?
-457327
25038702 (base 9) to base 2
101110101110100010001011
Convert -1011220002012 (base 3) to base 8.
-2312020
4b908 (base 16) to base 11
1a15a5
Convert -1100101011111110010000 (base 2) to base 6.
-155141224
-15850687 (base 9) to base 10
-7945936
What is 3500505 (base 6) in base 12?
87735
112020202111122 (base 3) to base 9
15222448
What is 30104502 (base 6) in base 9?
1533082
What is 12206632 (base 8) in base 11?
1578421
-30354413 (base 6) to base 13
-24638a
24d971 (base 15) to base 12
712874
What is -4955b6 (base 14) in base 15?
-349400
-14362646 (base 7) to base 10
-1359980
1224120 (base 7) to base 4
212130330
Convert -311321013000 (base 4) to base 9.
-28522320
-101000100000101010100 (base 2) to base 8
-5040524
Convert -917404 (base 14) to base 5.
-2223230303
Convert 10201220121202 (base 3) to base 16.
1e4ec8
-1110000001101001 (base 2) to base 7
-326330
What is -240066 (base 8) in base 14?
-21c34
What is -242510305 (base 6) in base 11?
-2670552
-1036 (base 12) to base 9
-2376
-23a938 (base 11) to base 13
-104237
Convert -504101 (base 9) to base 4.
-1020310003
What is 3359b (base 13) in base 5?
10440442
What is 4156320 (base 7) in base 5?
112023002
Convert -751893 (base 10) to base 8.
-2674425
Convert 1526a55 (base 11) to base 7.
31141640
What is 92c20 (base 13) in base 15?
53117
What is -21133403 (base 9) in base 16?
-9b5041
What is 218863 (base 12) in base 11?
334876
Convert -22da24 (base 16) to base 7.
-25262043
Convert 2c89 (base 15) to base 3.
111010210
Convert -48447 (base 13) to base 8.
-402713
What is -10666 (base 9) in base 12?
-4143
Convert -152043501 (base 6) to base 8.
-14100175
What is -1201122212 (base 4) in base 7?
-3251210
-322323312 (base 4) to base 2
-111010111011110110
What is 3314574 (base 9) in base 13?
4a4ac3
What is 110202321101 (base 4) in base 7?
63531032
32440430 (base 5) to base 16
448a4
-166636